f 315?
False
Is 4642440 a multiple of 30?
True
Is 1971280 a multiple of 80?
True
Is 13 a factor of 32011?
False
Does 371 divide 425537?
True
Is 43555 a multiple of 281?
True
Is 278 a factor of 19715597?
False
Is 375703 a multiple of 34?
False
Does 15 divide 763620?
True
Does 314 divide 68138?
True
Is 3961584 a multiple of 88?
True
Is 57 a factor of 183996?
True
Is 1774118 a multiple of 49?
False
Does 368 divide 138505?
False
Is 7 a factor of 138124?
True
Does 26 divide 318568?
False
Is 57 a factor of 214275?
False
Is 31 a factor of 3537348?
True
Is 73617 a multiple of 21?
False
Is 77830 a multiple of 181?
True
Is 169 a factor of 140381?
False
Is 2251934 a multiple of 61?
False
Is 62 a factor of 654304?
False
Does 35 divide 1447600?
True
Is 4 a factor of 37204?
True
Is 26 a factor of 1143931?
False
Is 405464 a multiple of 1170?
False
Is 3879912 a multiple of 492?
True
Is 166328 a multiple of 17?
True
Is 1356327 a multiple of 21?
True
Does 16 divide 79052?
False
Does 152 divide 13984?
True
Does 3 divide 31095?
True
Is 7 a factor of 783699?
True
Is 1625108 a multiple of 1537?
False
Is 4537536 a multiple of 192?
True
Is 412 a factor of 327952?
True
Is 1389034 a multiple of 251?
True
Does 197 divide 3705767?
True
Is 157 a factor of 1301687?
True
Is 2 a factor of 316323?
False
Is 537264 a multiple of 234?
True
Is 193224 a multiple of 10?
False
Is 1569605 a multiple of 370?
False
Does 28 divide 246624?
True
Does 29 divide 176059?
True
Does 4 divide 1737112?
True
Is 466 a factor of 5229452?
True
Is 5758644 a multiple of 108?
False
Is 5091246 even?
True
Is 76801 a multiple of 5?
False
Is 747141 a multiple of 159?
True
Is 235 a factor of 910229?
False
Is 17 a factor of 4301?
True
Does 4 divide 42180?
True
Is 169 a factor of 89401?
True
Is 1283 a factor of 3700172?
True
Is 328 a factor of 1251648?
True
Does 180 divide 10385280?
True
Is 19457844 a multiple of 84?
True
Does 108 divide 110592?
True
Is 487560 a multiple of 51?
True
Is 198 a factor of 57222?
True
Does 32 divide 255008?
True
Is 4193300 a multiple of 74?
False
Is 217 a factor of 790748?
True
Does 706 divide 917669?
False
Is 374089 a multiple of 17?
False
Is 390 a factor of 447195?
False
Is 78 a factor of 8223194?
False
Is 26 a factor of 5461334?
False
Is 1681 a multiple of 2?
False
Is 280942 a multiple of 10?
False
Does 14 divide 633290?
True
Is 18 a factor of 294174?
True
Is 474944 a multiple of 8?
True
Is 313 a factor of 1443211?
False
Is 8 a factor of 65631?
False
Is 49 a factor of 2853495?
False
Does 116 divide 92005?
False
Is 112332 a multiple of 74?
True
Does 50 divide 449171?
False
Is 125390 a multiple of 372?
False
Is 66 a factor of 7720654?
False
Is 7 a factor of 163821?
True
Is 8806385 a multiple of 11?
False
Is 56 a factor of 101304?
True
Is 289 a factor of 2268491?
False
Does 31 divide 1338518?
True
Is 90 a factor of 221937?
False
Is 1955934 a multiple of 174?
True
Does 7 divide 76464?
False
Is 19 a factor of 670194?
False
Does 116 divide 24360?
True
Does 2230 divide 17072024?
False
Is 97362 a multiple of 27?
True
Is 907222 even?
True
Is 213248 a multiple of 896?
True
Is 14 a factor of 494270?
True
Is 57224 a multiple of 6?
False
Does 15 divide 3478703?
False
Does 11 divide 9230?
False
Does 24 divide 2739912?
True
Is 731302 a multiple of 11?
True
Does 14 divide 1012023?
False
Is 340 a factor of 1037680?
True
Does 9 divide 1719927?
True
Is 87 a factor of 11388735?
True
Does 21 divide 324198?
True
Is 10 a factor of 8300?
True
Is 4 a factor of 1365755?
False
Is 3450396 a multiple of 123?
True
Does 105 divide 3273773?
False
Is 60115 a multiple of 450?
False
Is 9 a factor of 1812855?
False
Is 347 a factor of 678732?
True
Does 257 divide 1040038?
False
Is 5 a factor of 1800310?
True
Is 93 a factor of 84866?
False
Is 87816 a multiple of 24?
True
Is 858503 a multiple of 10?
False
Is 7 a factor of 465767?
False
Does 31 divide 35030?
True
Does 9 divide 3366853?
False
Is 58 a factor of 70619?
False
Is 15467472 a multiple of 72?
True
Is 244 a factor of 3675616?
True
Is 16 a factor of 261966?
False
Is 171262 a multiple of 91?
True
Is 77963 a multiple of 18?
False
Is 347 a factor of 6404926?
True
Does 8 divide 2295325?
False
Is 6 a factor of 423933?
False
Is 13 a factor of 11825502?
True
Is 544417 a multiple of 1814?
False
Is 1090152 a multiple of 189?
True
Does 15 divide 12003742?
False
Is 104 a factor of 1720680?
True
Is 111 a factor of 217782?
True
Does 213 divide 5223722?
False
Is 63 a factor of 60877?
False
Is 2645520 a multiple of 584?
True
Is 16 a factor of 304870?
False
Is 86117 a multiple of 30?
False
Does 112 divide 267680?
True
Is 37567 a multiple of 3?
False
Is 171 a factor of 259407?
True
Does 988 divide 5616780?
True
Is 11 a factor of 2197022?
False
Is 10594053 a multiple of 1403?
True
Is 571406 a multiple of 64?
False
Is 13 a factor of 2238043?
False
Does 16 divide 1362298?
False
Is 8 a factor of 8741971?
False
Is 24 a factor of 6599?
False
Does 400 divide 3755200?
True
Is 12 a factor of 1098702?
False
Does 33 divide 17402260?
False
Is 1183395 even?
False
Is 31984 a multiple of 27?
False
Is 67 a factor of 64075?
False
Is 234 a factor of 695028?
False
Does 2 divide 7574?
True
Does 21 divide 31257?
False
Is 35 a factor of 192471?
False
Is 764 a factor of 5137136?
True
Does 99 divide 382239?
True
Does 16 divide 756818?
False
Is 1360331 a multiple of 32?
False
Is 122 a factor of 3559882?
False
Is 32 a factor of 407264?
True
Does 34 divide 341054?
True
Is 212 a factor of 8914279?
False
Does 35 divide 5631?
False
Does 4 divide 156390?
False
Does 11 divide 349976?
True
Is 769 a factor of 5756024?
False
Is 379 a factor of 2260737?
False
Is 41 a factor of 382325?
True
Does 50 divide 1463778?
False
Is 3 a factor of 62709?
True
Does 236 divide 14306861?
False
Is 575331 a multiple of 444?
False
Is 224712 a multiple of 24?
True
Is 921269 a multiple of 45?
False
Is 648035 a multiple of 1875?
False
Is 456675 a multiple of 5?
True
Is 40 a factor of 1173760?
True
Does 342 divide 173421?
False
Is 40185 a multiple of 88?
False
Does 64 divide 135296?
True
Is 18295111 a multiple of 50?
False
Does 68 divide 2209796?
True
Does 242 divide 579246?
False
Is 974904 a multiple of 9?
False
Is 34 a factor of 923692?
False
Is 37 a factor of 45137?
False
Is 363345 a multiple of 4?
False
Does 54 divide 4051019?
False
Does 257 divide 50115?
True
Does 99 divide 70983?
True
Is 84 a factor of 162120?
True
Is 715 a factor of 1379246?
False
Is 95080 a multiple of 5?
True
Does 63 divide 3703053?
False
Does 9 divide 4434828?
False
Does 1056 divide 1493201?
False
Does 13 divide 956353?
False
Does 32 divide 288960?
True
Does 543 divide 3926756?
False
Does 164 divide 929224?
True
Is 28363 a multiple of 73?
False
Is 5 a factor of 455688?
False
Is 139 a factor of 1422109?
True
Does 7 divide 51568?
False
Is 16745820 a multiple of 1820?
True
Does 163 divide 190775?
False
Is 29 a factor of 46924?
False
Does 91 divide 2335125?
False
Does 13 divide 153309?
True
Is 5633518 a multiple of 22?
True
Is 71 a factor of 82126?
False
Is 8 a factor of 5392288?
True
Is 21952 a multiple of 32?
True
Does 17 divide 736610?
True
Is 390375 a multiple of 15?
True
Is 912142 a multiple of 11?
True
Is 12765 a multiple of 115?
True
Does 182 divide 621755?
False
Does 26 divide 621790?
True
Is 344026 a multiple of 11?
False
Does 271 divide 57181?
True
Is 782 a factor of 970462?
True
Does 14 divide 3252970?
True
Is 67 a factor of 3036105?
True
Is 15 a factor of 12100560?
True
Is 642 a factor of 98782?
False
Is 289 a factor of 2383672?
True
Is 53 a factor of 99256?
False
Is 81 a factor of 13851?
True
Does 1403 divide 740784?
True
Is 7 a factor of 527576?
True
Is 717 a factor of 1962476?
False
Is 19 a factor of 223852?
False
Is 146652 a multiple of 404?
True
Does 46 divide 769987?
False
Is 433787 a multiple of 9?
False
Is 95424 a multiple of 14?
True
Does 42 divide 38572?
False
Is 28 a factor of 1025113?
False
Is 29 a factor of 1548832?
True
Is 220 a factor of 474980?
True
Is 746674 a multiple of 65?
False
Is 175478 a multiple of 208?
False
Is 3458494 a multiple of 125?
False
Does 8 divide 8694?
False
Is 2469011 a multiple of 162?
False
Does 8 divide 406224?
True
Is 328 a factor of 63304?
True
Is 186080 a multiple of 13?
False
Does 44 divide 205304?
Tr